{"id":143,"date":"2024-01-31T13:48:50","date_gmt":"2024-01-31T12:48:50","guid":{"rendered":"https:\/\/najeim.imksnv.com\/?page_id=143"},"modified":"2026-03-16T11:53:31","modified_gmt":"2026-03-16T10:53:31","slug":"a-propos","status":"publish","type":"page","link":"https:\/\/najeim.imksnv.com\/index.php\/a-propos\/","title":{"rendered":"A propos"},"content":{"rendered":"\t\t<div data-elementor-type=\"wp-page\" data-elementor-id=\"143\" class=\"elementor elementor-143\" data-elementor-post-type=\"page\">\n\t\t\t\t<div class=\"elementor-element elementor-element-007f651 e-con-full e-flex e-con e-parent\" data-id=\"007f651\" data-element_type=\"container\" data-e-type=\"container\" data-settings=\"{&quot;background_background&quot;:&quot;classic&quot;}\">\n\t\t<div class=\"elementor-element elementor-element-9965df1 e-flex e-con-boxed e-con e-child\" data-id=\"9965df1\" data-element_type=\"container\" data-e-type=\"container\" data-settings=\"{&quot;background_background&quot;:&quot;classic&quot;}\">\n\t\t\t\t\t<div class=\"e-con-inner\">\n\t\t<div class=\"elementor-element elementor-element-937e281 e-con-full e-flex e-con e-child\" data-id=\"937e281\" data-element_type=\"container\" data-e-type=\"container\" data-settings=\"{&quot;background_background&quot;:&quot;classic&quot;}\">\n\t\t\t\t<div class=\"elementor-element elementor-element-7b02dee elementor-widget elementor-widget-heading\" data-id=\"7b02dee\" data-element_type=\"widget\" data-e-type=\"widget\" data-widget_type=\"heading.default\">\n\t\t\t\t<div class=\"elementor-widget-container\">\n\t\t\t\t\t<h2 class=\"elementor-heading-title elementor-size-default\">le concept 1<\/h2>\t\t\t\t<\/div>\n\t\t\t\t<\/div>\n\t\t\t\t<div class=\"elementor-element elementor-element-9a799ee elementor-widget elementor-widget-text-editor\" data-id=\"9a799ee\" data-element_type=\"widget\" data-e-type=\"widget\" data-widget_type=\"text-editor.default\">\n\t\t\t\t<div class=\"elementor-widget-container\">\n\t\t\t\t\t\t\t\t\t<p>Aujourd&rsquo;hui, NAJEIM continue de grandir, port\u00e9 par l&rsquo;enthousiasme et l&rsquo;ing\u00e9niosit\u00e9 de<br \/>ses fondateurs. Leur ambition est de devenir une r\u00e9f\u00e9rence mondiale en mati\u00e8re de<br \/>mode durable et technologique. Chaque nouvelle collection est une opportunit\u00e9<br \/>d&rsquo;explorer de nouvelles fronti\u00e8res cr\u00e9atives, tout en restant fid\u00e8le aux valeurs qui ont<br \/>fait le succ\u00e8s de la marque.<\/p>\t\t\t\t\t\t\t\t<\/div>\n\t\t\t\t<\/div>\n\t\t\t\t<\/div>\n\t\t\t\t\t<\/div>\n\t\t\t\t<\/div>\n\t\t\t\t<\/div>\n\t\t<div class=\"elementor-element elementor-element-d2eea86 e-con-full e-flex e-con e-parent\" data-id=\"d2eea86\" data-element_type=\"container\" data-e-type=\"container\" data-settings=\"{&quot;background_background&quot;:&quot;classic&quot;}\">\n\t\t<div class=\"elementor-element elementor-element-475b4d6 e-flex e-con-boxed e-con e-child\" data-id=\"475b4d6\" data-element_type=\"container\" data-e-type=\"container\" data-settings=\"{&quot;background_background&quot;:&quot;classic&quot;}\">\n\t\t\t\t\t<div class=\"e-con-inner\">\n\t\t\t\t\t<\/div>\n\t\t\t\t<\/div>\n\t\t<div class=\"elementor-element elementor-element-ff425cd e-flex e-con-boxed e-con e-child\" data-id=\"ff425cd\" data-element_type=\"container\" data-e-type=\"container\">\n\t\t\t\t\t<div class=\"e-con-inner\">\n\t\t<div class=\"elementor-element elementor-element-b05d8dd e-con-full e-flex e-con e-child\" data-id=\"b05d8dd\" data-element_type=\"container\" data-e-type=\"container\">\n\t\t\t\t<div class=\"elementor-element elementor-element-207c54d elementor-widget elementor-widget-heading\" data-id=\"207c54d\" data-element_type=\"widget\" data-e-type=\"widget\" data-widget_type=\"heading.default\">\n\t\t\t\t<div class=\"elementor-widget-container\">\n\t\t\t\t\t<h2 class=\"elementor-heading-title elementor-size-default\">les valeurs de najeim<\/h2>\t\t\t\t<\/div>\n\t\t\t\t<\/div>\n\t\t<div class=\"elementor-element elementor-element-9d21dfd e-flex e-con-boxed e-con e-child\" data-id=\"9d21dfd\" data-element_type=\"container\" data-e-type=\"container\">\n\t\t\t\t\t<div class=\"e-con-inner\">\n\t\t<div class=\"elementor-element elementor-element-4453150 e-flex e-con-boxed e-con e-child\" data-id=\"4453150\" data-element_type=\"container\" data-e-type=\"container\">\n\t\t\t\t\t<div class=\"e-con-inner\">\n\t\t\t\t<div class=\"elementor-element elementor-element-b274fdc elementor-view-default elementor-widget elementor-widget-icon\" data-id=\"b274fdc\" data-element_type=\"widget\" data-e-type=\"widget\" data-widget_type=\"icon.default\">\n\t\t\t\t<div class=\"elementor-widget-container\">\n\t\t\t\t\t\t\t<div class=\"elementor-icon-wrapper\">\n\t\t\t<div class=\"elementor-icon\">\n\t\t\t<svg xmlns=\"http:\/\/www.w3.org\/2000\/svg\" id=\"Layer_2\" data-name=\"Layer 2\" viewBox=\"0 0 4316.98 6553.57\"><defs><style>      .cls-1 {        stroke-width: 0px;      }    <\/style><\/defs><g id=\"Layer_1-2\" data-name=\"Layer 1\"><path class=\"cls-1\" d=\"M2648.47,329.93c164.66-128.31,397.31-151.65,589.21-40.76,192,110.8,288.05,323.89,259.38,530.64,206.75-28.67,419.84,67.48,530.74,259.38,110.8,192,87.45,424.55-40.76,589.31,193.43,78.54,329.93,268.29,329.93,489.98s-136.5,411.34-329.93,489.88c128.31,164.76,151.65,397.41,40.76,589.31-110.8,192-323.89,288.05-530.64,259.38,28.67,206.75-67.48,419.84-259.38,530.74-192,110.8-424.55,87.45-589.31-40.76-78.54,193.43-268.29,329.93-489.98,329.93s-411.34-136.5-489.88-329.93c-164.76,128.31-397.41,151.65-589.31,40.76-192-110.8-288.05-323.89-259.38-530.74-206.75,28.77-419.84-67.38-530.74-259.28-110.8-192-87.45-424.55,40.76-589.31C136.5,2569.93,0,2380.19,0,2158.49s136.4-411.34,329.93-489.88c-128.31-164.76-151.65-397.41-40.76-589.31,110.8-192,323.89-288.05,530.64-259.38-28.67-206.75,67.48-419.84,259.38-530.74,192-110.8,424.55-87.45,589.31,40.76C1747.05,136.5,1936.79,0,2158.49,0s411.34,136.4,489.98,329.93ZM768,4315.75l-615.01,1750.43c-14.54,41.47-3.07,85.2,30.11,114.18,33.08,28.88,78.03,34.41,117.15,14.44l454.86-232.65c26.93-13.72,55.3-15.56,83.76-5.22,28.36,10.24,49.05,29.7,60.93,57.45l203.98,475.44c17.51,40.76,56.22,65.23,100.45,63.69,44.34-1.54,81.2-28.67,95.74-70.66l628.63-1806.75c18.64-53.56-8.6-112.33-61.54-132.81-94.21-36.35-180.84-90.21-255.08-158.11-26.11-23.96-59.19-32.87-93.8-25.19-193.43,42.6-400.59,13.93-579.17-89.19-5.73-3.28-11.37-6.66-16.9-10.04-28.06-17.1-59.19-20.38-90.21-9.32-30.92,11.06-53.04,33.28-63.9,64.31ZM3548.98,4315.75l615.01,1750.43c14.54,41.47,3.07,85.2-30.11,114.18-33.08,28.88-78.03,34.41-117.15,14.44l-454.96-232.65c-26.83-13.72-55.19-15.56-83.66-5.22-28.36,10.24-49.05,29.7-60.93,57.45l-203.98,475.44c-17.51,40.76-56.22,65.23-100.45,63.69-44.34-1.54-81.2-28.67-95.74-70.66l-628.63-1806.64c-18.74-53.66,8.5-112.44,61.44-132.92,94.41-36.35,181.04-90.21,255.28-158.21,26.11-23.86,59.19-32.77,93.8-25.19,193.43,42.6,400.49,14.03,579.17-89.19,5.63-3.17,11.26-6.55,16.79-9.93,28.06-17.1,59.19-20.38,90.21-9.32,30.92,11.06,53.04,33.28,63.9,64.31Z\"><\/path><\/g><\/svg>\t\t\t<\/div>\n\t\t<\/div>\n\t\t\t\t\t\t<\/div>\n\t\t\t\t<\/div>\n\t\t\t\t<div class=\"elementor-element elementor-element-12bec3c elementor-widget elementor-widget-heading\" data-id=\"12bec3c\" data-element_type=\"widget\" data-e-type=\"widget\" data-widget_type=\"heading.default\">\n\t\t\t\t<div class=\"elementor-widget-container\">\n\t\t\t\t\t<h2 class=\"elementor-heading-title elementor-size-default\">Qualit\u00e9<\/h2>\t\t\t\t<\/div>\n\t\t\t\t<\/div>\n\t\t\t\t<div class=\"elementor-element elementor-element-2efae4f elementor-widget elementor-widget-text-editor\" data-id=\"2efae4f\" data-element_type=\"widget\" data-e-type=\"widget\" data-widget_type=\"text-editor.default\">\n\t\t\t\t<div class=\"elementor-widget-container\">\n\t\t\t\t\t\t\t\t\tChez NAJEIM, la qualit\u00e9 est primordiale. Chaque pi\u00e8ce est minutieusement con\u00e7ue avec les meilleurs mat\u00e9riaux pour une mode durable et intemporelle.\t\t\t\t\t\t\t\t<\/div>\n\t\t\t\t<\/div>\n\t\t\t\t\t<\/div>\n\t\t\t\t<\/div>\n\t\t<div class=\"elementor-element elementor-element-474725c e-flex e-con-boxed e-con e-child\" data-id=\"474725c\" data-element_type=\"container\" data-e-type=\"container\">\n\t\t\t\t\t<div class=\"e-con-inner\">\n\t\t\t\t<div class=\"elementor-element elementor-element-92f83eb elementor-view-default elementor-widget elementor-widget-icon\" data-id=\"92f83eb\" data-element_type=\"widget\" data-e-type=\"widget\" data-widget_type=\"icon.default\">\n\t\t\t\t<div class=\"elementor-widget-container\">\n\t\t\t\t\t\t\t<div class=\"elementor-icon-wrapper\">\n\t\t\t<div class=\"elementor-icon\">\n\t\t\t<svg xmlns=\"http:\/\/www.w3.org\/2000\/svg\" id=\"Layer_2\" data-name=\"Layer 2\" viewBox=\"0 0 6258.35 6555.84\"><defs><style>      .cls-1 {        fill-rule: evenodd;        stroke-width: 0px;      }      .cls-2 {        font-family: Arial-BoldMT, Arial;        font-size: .51px;        font-weight: 700;        isolation: isolate;      }    <\/style><\/defs><g id=\"Layer_1-2\" data-name=\"Layer 1\"><path class=\"cls-1\" d=\"M3734.32,6.86c337.31-33.48,686.28,64.72,945.05,290.1,255.8,222.72,368.33,511.69,380.72,837.73.61,16.69-5.02,31.23-16.59,43.32s-26.01,18.23-42.7,18.23h-118.78c-31.85,0-58.06-25.09-59.29-56.93-10.34-258.05-93.59-484.45-299.11-663.45-150.43-130.97-342.94-209.61-542.62-231.83-5.53-.61-10.14-2.76-14.03-6.66-73.11-71.78-154.62-134.14-242.48-186.57-9.01-5.32-13.31-15.36-10.96-25.5,2.25-10.24,10.34-17.41,20.79-18.43ZM1010.59,1413.22h649.01v591.05c-39.12,53.45-62.26,119.3-62.26,190.67,0,178.28,144.49,322.76,322.87,322.76s322.76-144.49,322.76-322.76c0-71.37-23.14-137.22-62.26-190.67v-591.05h1637.38v591.05c-39.12,53.45-62.26,119.3-62.26,190.67,0,178.28,144.59,322.76,322.87,322.76s322.76-144.49,322.76-322.76c0-71.37-23.04-137.22-62.26-190.67v-591.05h1203.81c121.75,0,222.92,90.83,235.93,211.87l475.96,4401.25c35.84,330.96-213.61,527.26-474.73,527.26H773.43c-261.12,0-510.57-196.3-474.73-527.26L774.66,1625.09c13-121.04,114.18-211.87,235.93-211.87ZM1617.41,4406.89l-198.45-108.24c-30-16.38-47.51-46.69-46.9-81,.61-34.1,19.66-63.69,50.28-78.75l655.77-323.07c27.14-13.31,57.45-12.49,83.76,2.36,26.32,14.75,42.91,40.04,45.67,70.04l67.38,717.52c3.17,33.69-11.78,64.92-40.04,83.56-28.16,18.53-63.08,20.07-92.77,3.79l-201.42-109.88-233.78,399.36c-24.68,42.09-39.42,89.29-39.63,138.24-.2,49.15,14.44,96.56,38.81,138.96,24.17,42.19,57.65,78.54,99.94,103.12,42.5,24.47,90.73,35.43,139.57,35.43h369.25c28.77,0,54.37,12.29,72.4,34.82,17.82,22.43,24.06,50.28,17.72,78.23-2.76,12.49-4.4,25.19-4.61,37.99-.61,29.29,5.63,58.78,18.53,85.09,14.23,29.08,12.49,62.26-4.71,89.7-17.31,27.44-46.08,43.42-78.44,43.42h-390.14c-114.28,0-225.28-28.57-324.2-85.81-99.02-57.24-178.79-139.67-235.52-238.8-56.73-98.92-87.24-209.41-86.73-323.58.51-114.38,32.56-224.56,90.21-323.07l228.04-389.43ZM3447.6,3696.84l-254.98-435.51c-24.58-41.78-58.37-77.11-100.45-101.27-42.19-24.17-89.91-35.02-138.34-35.02s-96.26,10.85-138.34,35.02c-42.19,24.17-75.98,59.49-100.45,101.27l-230.5,393.83c-15.77,26.93-42.39,43.32-73.52,45.47-31.03,2.15-59.7-10.65-78.95-35.12-15.05-19.15-33.89-35.02-55.09-46.9-15.05-8.5-31.33-14.85-48.13-18.84-29.08-6.96-51.81-26.21-63.69-53.76-11.67-27.44-9.73-57.24,5.32-83.05l227.12-387.79c57.14-97.59,136.29-179,234.6-235.32s208.49-84.07,321.64-84.07,223.23,27.75,321.54,84.07,177.56,137.73,234.7,235.32l258.25,440.83,207.26-116.94c29.8-16.79,64.82-15.56,93.49,3.17,28.57,18.64,43.62,50.28,40.24,84.17l-73.11,727.45c-3.07,30.11-19.66,55.3-46.28,69.84-26.42,14.54-56.63,15.05-83.66,1.64l-644.4-322.66c-30.21-15.16-48.84-44.44-49.66-78.23-.72-33.79,16.38-64,45.88-80.59l189.54-107.01ZM3444.63,5398.32h517.43c48.74,0,97.08-10.96,139.47-35.43,42.39-24.58,75.78-60.83,100.04-103.22,24.37-42.39,39.01-89.7,38.81-138.85-.2-49.05-14.95-96.15-39.63-138.24l-197.84-337.82c-15.16-25.8-17-55.5-5.32-83.05,11.78-27.55,34.61-46.8,63.69-53.76,16.18-3.89,31.85-9.93,46.39-17.82,21.91-12.08,41.27-28.36,56.73-47.92,19.25-24.47,47.92-37.27,78.95-35.12,31.23,2.05,57.86,18.53,73.52,45.47l201.42,343.76c57.65,98.51,89.6,208.69,90.11,322.97s-29.9,224.67-86.63,323.69c-56.83,99.12-136.7,181.56-235.62,238.8s-209.92,85.81-324.1,85.81h-521.11l-2.15,213.81c-.31,34.2-18.84,63.9-49.46,79.46-30.41,15.36-65.54,12.49-93.18-7.48l-593.2-427.01c-24.58-17.61-38.09-44.75-37.48-74.96.72-30.11,15.36-56.52,40.45-73.22l601.6-396.8c28.16-18.53,63.08-19.97,92.57-3.89,29.7,16.18,47.31,46.18,47,80.08l-2.46,240.74ZM5029.38,1796.4l379.6,4193.28c5.94,65.95-5.84,134.55-30,174.18-22.73,37.68-64.72,60.72-43.11,99.02,21.5,38.4,94.82,36.86,138.96,36.86h180.22c146.74,0,238.18-100.04,222.31-246.17l-462.85-4280.63c-6.55-60.52-57.14-105.88-117.96-105.88h-148.99c-34.41,0-64.31,13-87.55,38.6-23.35,25.5-33.69,56.32-30.62,90.73ZM2038.89,2194.94c0,65.54-53.15,118.68-118.68,118.68s-118.68-53.15-118.68-118.68v-1023.59c0-351.44,130.87-630.07,331.67-828.01C2358.89,120.93,2672.84,3.17,2987.11.51h11.37v-.51c295.94,0,592.79,101.79,817.05,296.96,226.1,196.92,378.06,487.12,381.34,862.11v12.29h.51v1023.59c0,65.54-53.15,118.68-118.68,118.68s-118.68-53.15-118.68-118.68v-1023.59h.41v-10.44c-2.66-299.42-122.47-529.82-300.65-685.06-180.12-156.77-420.45-238.49-661.3-238.49v-.41h-9.42c-255.18,2.15-508.83,96.67-689.87,275.15-157.7,155.34-260.3,376.73-260.3,659.25v1023.59ZM2666.39,1134.8c10.24-280.17,92.16-529.41,284.47-743.12,4.51-4.92,10.24-7.58,17-7.78,84.28-2.25,170.5,6.96,252.62,27.34,8.91,2.25,15.46,8.91,17.41,17.92,2.05,9.01-1.13,17.82-8.29,23.55-214.84,171.93-314.68,407.65-325.84,686.59-1.23,31.74-27.34,56.93-59.19,56.93h-118.89c-16.69,0-31.03-6.14-42.7-18.12-11.57-12.08-17.1-26.62-16.59-43.32Z\"><\/path><text class=\"cls-2\" transform=\"translate(0 6555.14)\"><tspan x=\"0\" y=\"0\">Created by popcornarts<\/tspan><\/text><text class=\"cls-2\" transform=\"translate(0 6555.65)\"><tspan x=\"0\" y=\"0\">from the Noun Project<\/tspan><\/text><\/g><\/svg>\t\t\t<\/div>\n\t\t<\/div>\n\t\t\t\t\t\t<\/div>\n\t\t\t\t<\/div>\n\t\t\t\t<div class=\"elementor-element elementor-element-679ecd6 elementor-widget elementor-widget-heading\" data-id=\"679ecd6\" data-element_type=\"widget\" data-e-type=\"widget\" data-widget_type=\"heading.default\">\n\t\t\t\t<div class=\"elementor-widget-container\">\n\t\t\t\t\t<h2 class=\"elementor-heading-title elementor-size-default\">Responsabilit\u00e9<\/h2>\t\t\t\t<\/div>\n\t\t\t\t<\/div>\n\t\t\t\t<div class=\"elementor-element elementor-element-607b4aa elementor-widget elementor-widget-text-editor\" data-id=\"607b4aa\" data-element_type=\"widget\" data-e-type=\"widget\" data-widget_type=\"text-editor.default\">\n\t\t\t\t<div class=\"elementor-widget-container\">\n\t\t\t\t\t\t\t\t\tNAJEIM assure une tra\u00e7abilit\u00e9 totale de la production, renfor\u00e7ant la confiance envers la marque.\t\t\t\t\t\t\t\t<\/div>\n\t\t\t\t<\/div>\n\t\t\t\t\t<\/div>\n\t\t\t\t<\/div>\n\t\t<div class=\"elementor-element elementor-element-0ead843 e-flex e-con-boxed e-con e-child\" data-id=\"0ead843\" data-element_type=\"container\" data-e-type=\"container\">\n\t\t\t\t\t<div class=\"e-con-inner\">\n\t\t\t\t<div class=\"elementor-element elementor-element-846fb52 elementor-view-default elementor-widget elementor-widget-icon\" data-id=\"846fb52\" data-element_type=\"widget\" data-e-type=\"widget\" data-widget_type=\"icon.default\">\n\t\t\t\t<div class=\"elementor-widget-container\">\n\t\t\t\t\t\t\t<div class=\"elementor-icon-wrapper\">\n\t\t\t<div class=\"elementor-icon\">\n\t\t\t<svg xmlns=\"http:\/\/www.w3.org\/2000\/svg\" id=\"Layer_2\" data-name=\"Layer 2\" viewBox=\"0 0 6553.6 6553.6\"><defs><style>      .cls-1 {        stroke-width: 0px;      }    <\/style><\/defs><g id=\"Layer_1-2\" data-name=\"Layer 1\"><path class=\"cls-1\" d=\"M3276.8,0c1325.98,0,2401.08,1075,2401.08,2401.08,0,162.41-16.28,321.02-47.1,474.42-3.99,19.97-21.09,33.89-41.37,33.89h-1227.78c-14.64,0-27.14-6.66-35.23-18.74-7.99-12.19-9.42-26.32-3.79-39.73l95.03-227.12c19.15-45.36,139.47-200.4,175.92-252.11,10.85-15.36,13.72-32.87,8.7-50.89-5.12-18.02-16.9-31.44-34.1-38.81l-95.23-40.96c-9.42-4.1-18.33-5.53-28.47-4.71l-65.95,5.22c-28.67,2.25-54.48-15.56-62.46-43.21l-8.19-28.67c-6.55-22.73-2.76-45.06,10.96-64.31,13.72-19.35,33.59-30.21,57.24-31.44,7.17-.31,14.34-2.05,21.4-5.12l116.84-51.1c26.83-11.78,43.62-36.25,44.85-65.54s-13.31-55.09-39.12-69.12c-8.4-4.61-15.77-11.26-21.5-19.97-13.11-19.76-13.52-44.03-1.02-64.41l31.44-51.4c14.75-24.17,43.42-34.51,70.35-25.5l354.1,119.19c10.96,3.69,19.46,9.42,26.83,18.33l85.5,101.99c7.27,8.6,15.56,14.34,26.21,18.02l36.86,12.9c19.25,6.76,32.77,21.3,38.09,40.86l82.33,301.77c6.25,23.04,24.17,39.32,47.62,43.32l20.38,3.48c18.43,3.17,35.64-1.64,49.77-13.93,14.03-12.39,21.09-28.67,20.48-47.41-24.68-655.36-348.06-1234.33-837.84-1604.81-16.59-12.6-36.86-15.67-56.52-8.6l-299.42,108.03c-22.84,8.19-47,2.56-63.8-14.95l-124.62-130.25c-19.76-20.58-50.38-24.58-74.75-9.73l-298.91,182.58c-28.06,17.1-37.07,53.66-20.38,81.82l22.12,37.27c15.05,25.29,9.73,57.14-12.6,76.29l-241.05,206.13c-17.61,15.05-24.78,37.38-19.15,60.01,5.53,22.53,22.22,39.01,44.95,44.13l216.37,48.95c8.7,2.05,16.49,2.05,25.19.31l337.41-69.02c20.89-4.2,40.76,1.95,55.5,17.41l212.17,222.11c17.31,18.12,21.61,43.72,11.06,66.56l-64.41,139.57c-10.65,22.94-32.97,36.25-58.16,34.71l-916.68-56.52c-25.7-1.64-48.54,12.39-58.78,36.04l-114.89,266.04c-7.99,18.43-6.66,37.89,3.79,55.09l172.44,282.62c10.96,18.12,28.88,28.36,49.97,28.77l342.63,6.76c26.73.51,48.95,17.61,56.42,43.21l60.93,209.92c14.03,48.74,24.68,118.99,34.61,179.61,2.05,12.7-1.23,24.47-9.52,34.2-8.29,9.83-19.35,14.85-32.15,14.85h-877.98c-13.11,0-24.37-5.22-32.67-15.36s-11.37-22.22-8.81-35.02l37.89-191.8c6.25-31.74-13.82-62.87-45.36-70.14l-144.38-33.28c-8.91-2.05-16.49-5.22-23.45-11.16l-330.24-286.21c-11.47-9.93-25.29-13.52-40.45-12.6l-286.21,17.2c-22.12,1.23-41.68-8.5-53.76-27.03l-73.32-111.82c-15.26-23.04-12.6-52.74,5.32-72.81,25.5-28.47,25.6-71.07.31-99.64l-1.54-1.74c-16.59-18.74-41.68-25.19-65.23-16.69l-190.57,68.51c-21.71,7.68-44.34,3.07-61.24-12.7l-59.49-55.5c-21.61-20.17-25.5-52.33-9.22-77l97.38-147.35c11.88-18.12,30.92-27.85,52.63-26.93l234.19,10.14c13.41.51,25.19-2.76,36.25-10.34l636.52-432.44c26.11-17.82,34.1-52.74,18.02-79.97l-74.24-126.77c-10.65-18.23-28.47-28.88-49.56-29.59l-245.66-9.01c-16.69-.61-30.82-7.07-42.09-19.35s-16.49-26.93-15.77-43.52l5.22-103.73c1.23-25.29,17.2-46.18,41.27-54.07l222-72.4c18.64-6.14,37.48-3.28,53.56,8.29l48.74,34.92c14.03,10.04,29.8,13.52,46.8,10.14l88.58-17.82c21.61-4.3,37.99-18.64,45.06-39.53,7.17-20.89,2.87-42.29-11.67-58.88l-69.22-78.85c-14.44-16.59-35.23-23.65-56.83-19.35l-411.96,82.02c-8.29,1.64-14.95,4.51-21.91,9.11-438.58,296.24-760.01,752.74-880.13,1285.43-5.12,22.84,2.66,45.16,20.79,59.9l125.13,101.17c9.01,7.27,18.53,11.37,30.11,12.8l194.87,24.99c18.84,2.46,34.1,12.39,43.93,28.67l158.52,264.91c9.01,15.05,19.05,36.56,5.94,48.23l-123.7,110.18c-5.32,4.71-2.76,13-2.46,20.17l6.25,131.79c.92,19.87,9.63,38.2,27.24,47.41l85.3,44.85c17.41,9.11,26.11,28.36,21.4,47.51-4.81,19.05-21.4,32.05-41.06,32.05h-804.25c-20.38,0-37.48-13.93-41.47-33.89-30.72-153.4-47-312.01-47-474.42C875.73,1075,1950.72,0,3276.8,0ZM3949.98,5820.11l158.72-1012.84c29.9-191.08,318.77-145.82,288.87,45.26l-158.72,1012.84c-30,191.08-318.87,145.82-288.87-45.26ZM5449.12,5185.02l-675.53-1065.78H1780.02l-675.53,1065.78,183.4,945.56c56.42,290.41,262.86,423.01,498.28,423.01h2981.17c235.52,0,441.96-132.51,498.28-423.01l183.5-945.56ZM3405.01,5848.88c0,193.43-292.35,193.43-292.35,0v-1025.23c0-193.33,292.35-193.33,292.35,0v1025.23ZM2444.9,4807.27l158.72,1012.84c29.9,191.08-258.97,236.34-288.87,45.26l-158.82-1012.84c-29.9-191.08,258.97-236.34,288.97-45.26ZM449.44,3142.55h5654.73c115.81,0,210.53,94.82,210.53,210.64v381.44c0,115.71-94.72,210.53-210.53,210.53h-316.11l-300.24-473.7c-118.99-187.7-371-244.22-558.59-125.24l-118.78,75.26c-176.23,111.62-236.75,340.79-144.9,523.67H1887.95c91.96-182.89,31.33-412.06-144.9-523.67l-118.68-75.26c-187.7-118.99-439.71-62.46-558.59,125.24l-300.24,473.7h-316.11c-115.81,0-210.64-94.72-210.64-210.53v-381.44c0-115.81,94.82-210.64,210.64-210.64ZM1614.13,3624.86l-118.68-75.16c-76.19-48.33-177.97-25.5-226.2,50.69L25.29,5562.88c-48.23,76.19-25.4,177.97,50.69,226.2l118.68,75.26c76.08,48.23,177.97,25.4,226.2-50.69l1243.96-1962.6c48.23-76.08,25.4-177.97-50.69-226.2ZM4939.47,3624.86l118.68-75.16c76.08-48.33,177.87-25.5,226.2,50.69l1243.96,1962.5c48.23,76.19,25.4,177.97-50.69,226.2l-118.68,75.26c-76.19,48.23-177.97,25.4-226.2-50.69l-1243.96-1962.6c-48.33-76.08-25.5-177.97,50.69-226.2Z\"><\/path><\/g><\/svg>\t\t\t<\/div>\n\t\t<\/div>\n\t\t\t\t\t\t<\/div>\n\t\t\t\t<\/div>\n\t\t\t\t<div class=\"elementor-element elementor-element-e54670d elementor-widget elementor-widget-heading\" data-id=\"e54670d\" data-element_type=\"widget\" data-e-type=\"widget\" data-widget_type=\"heading.default\">\n\t\t\t\t<div class=\"elementor-widget-container\">\n\t\t\t\t\t<h2 class=\"elementor-heading-title elementor-size-default\">Tra\u00e7abilit\u00e9<\/h2>\t\t\t\t<\/div>\n\t\t\t\t<\/div>\n\t\t\t\t<div class=\"elementor-element elementor-element-f88017b elementor-widget elementor-widget-text-editor\" data-id=\"f88017b\" data-element_type=\"widget\" data-e-type=\"widget\" data-widget_type=\"text-editor.default\">\n\t\t\t\t<div class=\"elementor-widget-container\">\n\t\t\t\t\t\t\t\t\tNAJEIM s&rsquo;engage \u00e0 r\u00e9duire son impact environnemental et respecte les droits des travailleurs \u00e0 chaque \u00e9tape de production.\t\t\t\t\t\t\t\t<\/div>\n\t\t\t\t<\/div>\n\t\t\t\t\t<\/div>\n\t\t\t\t<\/div>\n\t\t\t\t\t<\/div>\n\t\t\t\t<\/div>\n\t\t\t\t<\/div>\n\t\t\t\t\t<\/div>\n\t\t\t\t<\/div>\n\t\t\t\t<\/div>\n\t\t<div class=\"elementor-element elementor-element-c9eaf02 e-con-full e-flex e-con e-parent\" data-id=\"c9eaf02\" data-element_type=\"container\" data-e-type=\"container\" data-settings=\"{&quot;background_background&quot;:&quot;classic&quot;}\">\n\t\t<div class=\"elementor-element elementor-element-1e4609d e-flex e-con-boxed e-con e-child\" data-id=\"1e4609d\" data-element_type=\"container\" data-e-type=\"container\" data-settings=\"{&quot;background_background&quot;:&quot;classic&quot;}\">\n\t\t\t\t\t<div class=\"e-con-inner\">\n\t\t\t\t\t<\/div>\n\t\t\t\t<\/div>\n\t\t<div class=\"elementor-element elementor-element-7f99175 e-flex e-con-boxed e-con e-child\" data-id=\"7f99175\" data-element_type=\"container\" data-e-type=\"container\">\n\t\t\t\t\t<div class=\"e-con-inner\">\n\t\t<div class=\"elementor-element elementor-element-6f57441 e-flex e-con-boxed e-con e-child\" data-id=\"6f57441\" data-element_type=\"container\" data-e-type=\"container\">\n\t\t\t\t\t<div class=\"e-con-inner\">\n\t\t\t\t<div class=\"elementor-element elementor-element-733d10c elementor-widget elementor-widget-heading\" data-id=\"733d10c\" data-element_type=\"widget\" data-e-type=\"widget\" data-widget_type=\"heading.default\">\n\t\t\t\t<div class=\"elementor-widget-container\">\n\t\t\t\t\t<h2 class=\"elementor-heading-title elementor-size-default\">l'\u00e9quipe najeim<\/h2>\t\t\t\t<\/div>\n\t\t\t\t<\/div>\n\t\t\t\t<div class=\"elementor-element elementor-element-c395e5b elementor-widget elementor-widget-text-editor\" data-id=\"c395e5b\" data-element_type=\"widget\" data-e-type=\"widget\" data-widget_type=\"text-editor.default\">\n\t\t\t\t<div class=\"elementor-widget-container\">\n\t\t\t\t\t\t\t\t\tNAJEIM n&rsquo;est pas simplement une marque de v\u00eatements, c&rsquo;est le fruit d&rsquo;une\nrencontre entre talents divers et passionn\u00e9s. \u00c0 l&rsquo;\u00e9cole digitale o\u00f9 ils \u00e9tudiaient, ces\n\u00e9tudiants ont appris \u00e0 ma\u00eetriser les outils technologiques les plus avanc\u00e9s tout en\nnourrissant leur amour pour la mode. Leur d\u00e9sir de cr\u00e9er quelque chose de nouveau,\nde disruptif, les a pouss\u00e9s \u00e0 unir leurs forces et leurs comp\u00e9tences.\n\t\t\t\t\t\t\t\t<\/div>\n\t\t\t\t<\/div>\n\t\t\t\t\t<\/div>\n\t\t\t\t<\/div>\n\t\t\t\t\t<\/div>\n\t\t\t\t<\/div>\n\t\t\t\t<\/div>\n\t\t\t\t<\/div>\n\t\t","protected":false},"excerpt":{"rendered":"<p>le concept 1 Aujourd&rsquo;hui, NAJEIM continue de grandir, port\u00e9 par l&rsquo;enthousiasme et l&rsquo;ing\u00e9niosit\u00e9 deses fondateurs. Leur ambition est de devenir une r\u00e9f\u00e9rence mondiale en mati\u00e8re demode durable et technologique. Chaque nouvelle collection est une opportunit\u00e9d&rsquo;explorer de nouvelles fronti\u00e8res cr\u00e9atives, tout en restant fid\u00e8le aux valeurs qui ontfait le succ\u00e8s de la marque. les valeurs de [&hellip;]<\/p>\n","protected":false},"author":1,"featured_media":0,"parent":0,"menu_order":0,"comment_status":"closed","ping_status":"closed","template":"","meta":{"_acf_changed":false,"inline_featured_image":false,"footnotes":""},"class_list":["post-143","page","type-page","status-publish","hentry"],"acf":[],"_links":{"self":[{"href":"https:\/\/najeim.imksnv.com\/index.php\/wp-json\/wp\/v2\/pages\/143","targetHints":{"allow":["GET"]}}],"collection":[{"href":"https:\/\/najeim.imksnv.com\/index.php\/wp-json\/wp\/v2\/pages"}],"about":[{"href":"https:\/\/najeim.imksnv.com\/index.php\/wp-json\/wp\/v2\/types\/page"}],"author":[{"embeddable":true,"href":"https:\/\/najeim.imksnv.com\/index.php\/wp-json\/wp\/v2\/users\/1"}],"replies":[{"embeddable":true,"href":"https:\/\/najeim.imksnv.com\/index.php\/wp-json\/wp\/v2\/comments?post=143"}],"version-history":[{"count":143,"href":"https:\/\/najeim.imksnv.com\/index.php\/wp-json\/wp\/v2\/pages\/143\/revisions"}],"predecessor-version":[{"id":1157,"href":"https:\/\/najeim.imksnv.com\/index.php\/wp-json\/wp\/v2\/pages\/143\/revisions\/1157"}],"wp:attachment":[{"href":"https:\/\/najeim.imksnv.com\/index.php\/wp-json\/wp\/v2\/media?parent=143"}],"curies":[{"name":"wp","href":"https:\/\/api.w.org\/{rel}","templated":true}]}}